 - 2*i - 4*i**2. Let z be (-35)/(-7)*((-28)/20 + 1). Determine j(z).
-11
Suppose -4*k - 5*v = -40, 3*v - 32 = -9*k + 5*k. Suppose 0 = 4*o - 2*o - 2*q, -k*q + 28 = 2*o. Let p(c) = -2*c**2 + 3*c - 1. Calculate p(o).
-21
Suppose -56*f = -47*f - 1386. Let y(g) = 150 + 4*g**2 + 0*g - f - g. Determine y(-3).
35
Suppose 5*p + 130 = 5*k, -3*p - 98 = p - 2*k. Let n = -26 - p. Let d(u) = u - 3. Determine d(n).
-6
Let f(c) be the second derivative of 9/2*c**2 - 2/3*c**3 - 1/2*c**4 + 1/20*c**5 - 25*c + 0. Let m(y) = 10*y + 177. Let u be m(-17). Give f(u).
30
Let q(c) be the first derivative of -c**3 - 17*c**2/2 - 2*c - 85. Give q(-6).
-8
Let l(a) = 101*a - 42. Let j be l(8). Let t(z) = 2 - 386*z - 383*z + j*z. Calculate t(5).
-13
Let g = 8180 - 8186. Let j(y) = y**2 + y + 4. Give j(g).
34
Let j = 248 - 38. Let m = j - 208. Let b(q) = q + 3. Determine b(m).
5
Let u(o) = -242*o + 3 - 234*o + 704*o - 234*o + 3. Calculate u(3).
-12
Let s(b) = b + 9. Suppose 5*o - 2*q + q = 180, -126 = -3*o - 3*q. Let g = 23 - -22. Let y = o - g. Give s(y).
1
Let u(v) = 11*v**2 - 22*v + 12. Let c(q) = -9*q**2 + 16*q - 13. Let x(g) = -5*c(g) - 4*u(g). Give x(-3).
2
Let c = 1684 - -1022. Suppose 0 = 4*k - 2*k - c. Let v(l) = -4 + k*l - 1358*l - l**2 + 3. What is v(-5)?
-1
Let h(q) = q**2 + q + 33. Let y be h(0). Let d = y - 34. Let z(v) = -14*v**2 + v + 1. Calculate z(d).
-14
Suppose 18*v = 55 + 53. Let w(n) = -2 + 4 + 6*n**3 - n**2 - 4 - 3 + v. Give w(-1).
-6
Let y(l) be the third derivative of -l**4/8 - 2*l**3/3 - 332*l**2. What is y(4)?
-16
Let k(j) = -j**2 + 7*j - 4. Let g = -653 - -655. Let t(a) = -a**3 + 3*a**2 + 2. Let d be t(3). Suppose -6*r = h - d*r + 6, g*r - 18 = -4*h. What is k(h)?
2
Let d be 1/3*(26 - 2). Let o(b) = d*b + 0*b**3 - 12*b - 8*b**2 - 2 + 3*b**2 - b**3. Suppose 0 = 4*y - 0*y + 16. Give o(y).
-2
Let g(d) = -29*d + 42. Let j(a) = -19*a + 24. Let v(p) = 3*g(p) - 7*j(p). Calculate v(1).
4
Let o = 2781 - 2778. Let y be ((-6)/(-4))/(2/4). Suppose 2*i - 4 = y*g, -2*g - 12 = 4*i - o*i. Let f(c) = c**2 + 2*c - 3. Give f(i).
5
Let u(q) = -q**2 + 13*q + 37. Let p(a) = a**2 - 2*a + 10. Let j(f) = p(f) - u(f). What is j(9)?
0
Let d(a) be the first derivative of 13*a**5/40 + 77*a**3/3 - 57. Let q(w) be the third derivative of d(w). Determine q(-1).
-39
Let y be -5*(-2)/2 - (-12)/(-4). Let u(h) = y*h**3 - 94*h + 188*h + 2*h**2 - 95*h. Calculate u(1).
3
Suppose 12 = 14*l + 8 + 46. Let c(d) be the second derivative of -d**3 + 3*d**2/2 - 15*d. What is c(l)?
21
Let s = -5 - -8. Suppose -3*p - s*f + 9 = 0, 0*f = -2*p + 2*f + 14. Let j(z) = z**2 - 5*z - 6. Give j(p).
-6
Let q be 3381/27 + 2/(-9). Let h = q - 70. Let o(l) = 3*l - h + 59 - 7*l - l**2. Determine o(-6).
-8
Let r be 4/6 + (-26)/3. Let x(m) = 137 + 310 - 7*m**2 + 314 - m**3 + 7*m - 765. What is x(r)?
4
Let d(f) = f**3 - 11*f**2 + 12*f - 28. Let b = -5464 + 5474. Calculate d(b).
-8
Let z(b) = -b**3 + 4*b**2 - 2*b + 2. Suppose 0 = 5*k + 20, -g = -2*k - 2*k - 20. Suppose -2*q + 56 = -f + 15, -3*f = -g*q + 133. Let l = -48 - f. What is z(l)?
5
Let t(f) = -5*f + 46. Let j be t(11). Let s be (1 + 0)*(-21)/(63/j). Let r(x) = x**2 - x + 1. Calculate r(s).
7
Let u(d) = d + 16. Let y = -316 + 308. Let b be y - (3 + -2 - -2). What is u(b)?
5
Let a(u) = 170436*u + 424 - 170419*u + 250. Give a(-40).
-6
Let u(h) = -h**2 + 589*h**3 + 0*h**2 + 9*h**2 - 588*h**3 + 6*h. Suppose 0 = 4*y + 29 - 1. What is u(y)?
7
Let w(n) = -5*n**2 + 3*n - 2. Let b(x) = -4*x**3 - 8*x**2 - 22*x - 7. Let r(g) = -g**3 + g**2 - g. Let h(z) = b(z) - 3*r(z). Let p be h(-9). Determine w(p).
-16
Suppose 0 = 2*k - 9*k. Let d be ((-54)/(-3))/(3*10/15). Suppose k*s + s = -d*s. Let n(j) = -j**3 - j**2 + j + 17. What is n(s)?
17
Let u(s) = s**2 - 7*s + 8. Let z = 3738 + -3730. Give u(z).
16
Let i = -179 + 204. Suppose -c = i*c + 26. Let v(z) = 6*z**2 + 2*z + 1. Determine v(c).
5
Let g(w) be the first derivative of -1/120*w**6 + 1 + 7/60*w**5 + 0*w - 1/3*w**4 + 4/3*w**3 + 7/2*w**2. Let c(u) be the second derivative of g(u). What is c(6)?
-4
Let h(v) = 2*v - 11 - v**2 + 0*v + 3*v - v. Let k be ((-50)/200)/((-3)/48). What is h(k)?
-11
Let f(t) = 5*t**3 - 2*t**2 - 5*t - 10. Let d(k) = -k - 1 - 178*k**3 - 186*k**3 + 365*k**3 - k**2. Let l(c) = -6*d(c) + f(c). Give l(3).
8
Let v(h) = 9*h**2 + 30*h - 6. Let r(m) = -5*m**2 - 16*m + 3. Let q(j) = -11*r(j) - 6*v(j). What is q(-4)?
35
Let y(n) = 2*n - 78. Let v(f) = -2*f + 89. Let s(t) = -5*v(t) - 6*y(t). Determine s(12).
-1
Let r(s) = -8*s**2 + 71*s - 95. Let w(l) = -6*l**2 + 72*l - 89. Let c(k) = -2*r(k) + 3*w(k). What is c(36)?
-5
Let p be (-8 - 1) + 854/84. Let t(i) be the third derivative of 1/24*i**4 + 0*i + p*i**3 - 8*i**2 + 0. Give t(-9).
-2
Let v(s) = -3*s**2 - 4 - 9*s + 0*s**2 - 11*s - 5*s + 24*s. Calculate v(-5).
-74
Let m be (132/330)/((-1)/100). Let t(n) = -n**3 - 42*n**2 - 81*n - 31. Give t(m).
9
Let x(u) be the third derivative of 0 + 4/3*u**3 + 7/60*u**5 - u**2 - 1/120*u**6 - 1/3*u**4 + 0*u. Suppose -307*d + 6*d + 1368 + 1411 = 973. Calculate x(d).
-4
Suppose 3 = 5*j - 2*j, 3*i - 3*j = -93. Let p be (5/i)/(-1*2/12). Suppose -4*o + 2 + 1 = m, -3*m - 4*o = -p. Let t(q) = 8*q**3 - q**2 + 1. Give t(m).
-8
Let b(w) = -w + 9. Suppose -22*r - 1 = -23*r. Let t be (r - (3 + 0)) + -3. Let p be 1/5 - 49/t. Calculate b(p).
-1
Let o(a) = -5*a + 15*a**2 + 100396*a**3 - 3*a - 100397*a**3 - 10*a**2 - a + 6*a - 9. Suppose -12 + 32 = 5*z. Calculate o(z).
-5
Let k(r) be the third derivative of -r**5/20 - r**4 - 5*r**3/6 + 8*r**2 + 13. Determine k(-7).
16
Let c(b) = 2*b - 2. Suppose a + v + 2 = -0*v, 0 = 4*a - v - 17. Let j(d) = d**a - 2 + 2 + 0 - 8*d**2 - 5. Let f be j(8). What is c(f)?
-12
Let c(f) = 4*f + 47. Let s(y) = -6*y - 21. Let u(z) = 2*z - 1. Let a(i) = s(i) + 2*u(i). Let r(x) = 9*a(x) + 4*c(x). Calculate r(-8).
-3
Let h = -2872 + 2886. Let k(c) = -c**2 + 12*c + 4. What is k(h)?
-24
Suppose 4*h - 18 = -2*d, -2*h + 3*d - 42 = -39. Let j be (-6)/h*(-169)/(-26). Let w(o) = -o - 4. Determine w(j).
9
Let d(b) = -b**3 + 16*b**2 - 41*b + 18. Let a = 752 + -739. Let q be d(a). Let w(p) = p**3 + 7*p**2 - 7*p + 4. Calculate w(q).
-4
Let o(j) be the second derivative of j**5/20 + 3*j**4/4 - 4*j**3/3 + 23*j**2/2 + j + 28. Give o(-10).
3
Let l(t) = 556*t + 114. Let m(k) = -889*k - 171. Let h(o) = 8*l(o) + 5*m(o). Determine h(-16).
9
Let o(m) = -m + 2. Let y = 33 + -10. Let c = 25 - y. Suppose -3*n - 2*v + 9 = v, -c*v - 2 = 0. Give o(n).
-2
Suppose y = 2*d - 391 - 350, -2*d = y - 751. Suppose -10*o + d - 123 = 0. Let c(z) = 50 - o + z - 27. Calculate c(-5).
-7
Suppose 164*k = -218*k + 2292. Let i(v) = 49*v - 279. Give i(k).
15
Suppose 4*w = -z - 19, 2*z - 5*w - 73 = -72. Let q(i) = i**2 + 4*i - 21. What is q(z)?
0
Let y = 11016 + -11013. Let a = 0 + 1. Let x(g) = 2*g - 10 - y*g + a + 3*g. Give x(6).
3
Suppose l = -3*q - q + 15, -5*l + 9 = -2*q. Let y be (-185)/(-17) + (-4)/(-34). Suppose q*a + 3*p + y = -a, a - 5*p = 26. Let n(b) = 5*b**2. Determine n(a).
5
Let t(a) = 2*a + 19. Let d be t(-7). Suppose d = 20*u - 15*u. Let m(n) = -4*n - u + 0*n + 3*n. What is m(-2)?
1
Let u(d) = -d**3 - 2*d**2 + d + 5. Suppose c = 11 - 7. Suppose -2*r - 15*h = -14*h - 1, c*r - 2*h = -2. Calculate u(r).
5
Let c(w) = 9*w + 20. Let j be c(-2). Let p be (10 + -8)/((-8)/(-3) - j). Let t(z) = z**2 - z - 4. Give t(p).
2
Let q(a) = 3*a**2 + 103*a - 204. Let c be q(2). Let r(v) = -3*v + 54. What is r(c)?
12
Let r(t) be the first derivative of -t**4/4 - 3*t**3 - 3*t**2 - 13*t + 1256. Give r(-6).
-85
Suppose 0 = 2*n - k - 10, n - 3*k = -0*k + 5. Let u(g) = 2*g**2 + g**3 - 8 + n - 2*g + 6. Let r(b) = 12*b + 21. Let o be r(-2). What is u(o)?
0
Let h(l) = -l**3 + 6*l**2 + l - 4. Let v = -76 + 125. Suppose -5*s = -4*w + v, 5*w + 2*s - 40 = 4*s. Determine h(w).
2
Let g(h) be the second derivative of h**4/12 - h**3/6 + h. Suppose 0 = 17*o - 280 + 178. Suppose -3*w = r - o, 5*w - 2*w + 12 = 5*r. Calculate g(r).
6
Suppose 3*f + 7 = n, 4*n - 46 = 2*f + f. Suppose -21*r - 32 = -n*r. Let d(g) = -g**3 - 3*g**2 - 2*g + 2. Give d(r).
26
Let x be (13/65)/((20/200)/(22/4)). Let b(v) = 2*v**3 - 18*v**2 - 46*v + 4. Calculate b(x).
-18
Let y(f) = -8*f**2 + 5*f - 4. Let h(b) = 13*b**2 - 8*b + 7. Let s(u) = -3*h(u) - 5*y(u). Let d be ((4 - 5/1)*0)/(-1). Give s(d).
-1
Let z 